)?
1
Suppose 3*p - 238 = -d - 0*d, 5*p = 3*d + 406. Suppose p = -2*a + 7*a. What is the tens digit of a?
1
Suppose 19 = 5*j + t, 0*j - t + 1 = -j. Suppose 0 = 2*a - u - 15, -a + u - 17 = -j*a. What is the units digit of a?
8
Let f(u) = -u**2 - 3*u + 3*u**3 + 6 - 2*u**3 - 5. What is the units digit of f(3)?
0
Let l(o) = -2*o + 21. Let v(c) = 1. Let n(d) = -l(d) + 6*v(d). Let j(k) = 3*k + 3. Let w be j(3). What is the units digit of n(w)?
9
Let c(a) be the second derivative of -a**5/20 - 5*a**4/12 - a**3 - 2*a**2 - 4*a. What is the tens digit of c(-5)?
2
Let f(d) = -d**3 - 3*d**2 + 3. Let y be f(-3). Suppose -4*c + 17 = -y. Suppose -s = -c + 2. What is the units digit of s?
3
Let d = -23 + 55. What is the units digit of d?
2
Suppose -4*i - 13 = -5. Let n be 1/(-4) + i/(-8). Suppose n*t + 14 = 2*t. What is the units digit of t?
7
Suppose -3*t + 24 = t. Suppose 4 + t = 2*b. Suppose b*d - 23 = -2*l - 4, -5*l = -d - 34. What is the units digit of l?
7
Let l = 62 - 16. Let i be (-1 + l)/(-1) - 0. What is the units digit of 10/i + 74/9?
8
Suppose g = 2*i + 16, i - 2*g - 14 = -7*g. What is the units digit of 133/21 + 2/i?
6
Let a = 12 + -7. Suppose 0 = -a*q + 6 + 9. Let v = 9 - q. What is the units digit of v?
6
Let d = 68 - 37. What is the tens digit of d?
3
Let z(j) = 24*j**2 - 4*j + 2. What is the tens digit of z(2)?
9
Suppose 115 = 4*z - 3*v, -2*z - 18 = -4*v - 78. What is the units digit of z?
8
Suppose -4*n + 2 = y + 16, -2*n + 2*y - 12 = 0. What is the units digit of 3*3 - (-12)/n?
6
Let z(s) = -s**3 - 3*s**2 + 3*s + 6. Let p be z(-4). Suppose p = 2*c, q = -c + 4*c + 97. What is the units digit of q/18 + (-6)/27?
6
Let b(u) = -10*u - 38. What is the units digit of b(-13)?
2
Suppose -g - 1 = 0, -2*j + 24 = 2*j + 4*g. What is the units digit of j?
7
Let y(u) = u**2 - 6*u + 6. Let q be y(10). Suppose -3*l + 78 = -3*h, 3*h - 38 = -3*l + q. What is the units digit of l?
7
Suppose 0 = m - 2*o - 56, -2*o - 1 = 3. Suppose -2*u + 5*u = -4*x + m, 3*x = -5*u + 72. What is the tens digit of u?
1
Suppose -5*p - 5*m = 210, p - 5*m + 84 = -p. What is the units digit of 2/7 - 1374/p?
3
Let g(o) = 2*o**2 - 2*o**2 + o + 1 + 3*o**2. Let y be g(-1). Suppose 5*b - y = 4*b. What is the units digit of b?
3
Let f = -57 - -123. What is the units digit of f?
6
Let c = 21 + -13. Let n be c/(-6)*15/(-10). Suppose -2*l + 6 = 2*q, n*l - 5*q + 0*q - 13 = 0. What is the units digit of l?
4
Suppose 0 = 3*b + 348 - 1008. What is the tens digit of b?
2
Let w(m) = m**3 - 9*m**2 + 8*m + 10. What is the tens digit of w(8)?
1
What is the tens digit of (-25 + -1)*(36/8)/(-3)?
3
Let y be 1 - (6/2 + -2). Let h = -1 + y. Let g(a) = -12*a - 1. What is the units digit of g(h)?
1
Let t(k) = k**2 + 1. Let u(v) = v**2 + 4*v - 3. Let c(x) = 2*t(x) - u(x). What is the units digit of c(5)?
0
Suppose -7*t + 2*t + 20 = 0. Suppose -2*n + 6 = -4*n. Let r = n + t. What is the units digit of r?
1
Let u(x) = -x**3 - 4*x**2 + 4*x - 2. Let v be u(-5). Let s = -12 + 12. Suppose s = -3*m + 12 - v. What is the units digit of m?
3
Suppose 0 = 3*z - 6*z - 4*g - 14, 5 = -g. Suppose -4*m = -z*m - 56. What is the tens digit of m?
2
Let w(a) be the second derivative of -a**5/20 - a**4/6 - 2*a**2 + a. Let u be w(-3). Suppose -3*k + 30 = u*j, 4*j - 3 + 11 = 4*k. What is the units digit of j?
3
Let s be (-390)/(-40) - (-2)/8. Suppose 2*l - s = -3*l. What is the units digit of l?
2
Let d = 2 + 0. Suppose 0 = 2*j + 3*y - 44, -3*y - y = -j + 33. Suppose -d*o - w = -0 - 11, 4*o - w - j = 0. What is the units digit of o?
6
Suppose -1030 = -5*x - 4*f, -2*x + 0*f + 3*f = -389. What is the tens digit of x?
0
Suppose 0*h - 4*h = -272. What is the units digit of h?
8
Let k be 0/(-1) + 6/3. Suppose 0*p + 2*p - 14 = 0. What is the units digit of p + 1/(1/k)?
9
Let z be (0 - -1)*10/2. Let s be (z/(-2) + 2)*0. Let m = 4 + s. What is the units digit of m?
4
Let x(n) = n**3 + 4*n**2 - n + 2. Let v be x(-4). Suppose 0 = 4*g + 20, -k + v = -3*g - 31. What is the tens digit of k?
2
Suppose 0 = -3*c + 2*k + 555 - 43, 0 = -5*c - k + 875. What is the hundreds digit of c?
1
Let b(j) = -j - 2. Let w be b(-5). What is the units digit of (w/(6/(-20)))/(-2)?
5
Let l(s) = -s + 27. Suppose -3*r - r = -4*x - 16, -3*r - 2*x = 8. What is the units digit of l(r)?
7
Let n(y) = -2*y + 2. Let x be n(4). What is the units digit of (-2)/x + (-15)/(-9)?
2
Let j(l) = -3*l - 1. Let k be j(-2). Suppose -3*q + 5*p + 74 = 0, -4*q = -0*p + k*p - 122. What is the units digit of q?
8
Let w = -1 + 9. Suppose 3*i + w = -i. Let f = i - -4. What is the units digit of f?
2
Let x be (-1*1)/(6/(-12)). Let z be (2/(-3))/(6/(-45)). Suppose z = -x*v + 7*v. What is the units digit of v?
1
Suppose 2*p - 15 = -45. Let l be (-24)/p - 2/(-5). Suppose -a + l + 1 = 0. What is the units digit of a?
3
Suppose -2*g = -5*s + s + 34, 0 = -5*s - 4*g + 49. What is the units digit of s?
9
Let l = 384 - 261. What is the hundreds digit of l?
1
Let b(k) = 74*k - 2. What is the units digit of b(1)?
2
Let s(f) = -f + 15. Let l be s(15). Suppose n - 4 = -l*n. What is the units digit of n?
4
Let p = -77 - -112. What is the tens digit of p?
3
Suppose -93 = -5*y + 4*n - 24, 3*n = 12. What is the units digit of y?
7
What is the tens digit of -5*(0 + 162/(-15))?
5
Suppose -10 = 3*l - 5*l. Let z be (-2 - -1) + l - -1. Suppose -24 = -3*r - 3*n, z*r - 11 = -2*n + 35. What is the tens digit of r?
1
Suppose 2*s - 2 = 4*s, -3*i - 4*s + 584 = 0. What is the tens digit of i?
9
Let s(h) = -h - 1. Let d be (-4)/14 - 80/14. What is the units digit of s(d)?
5
Let n = 9 + -6. Let f = 5 - n. Suppose 3 = f*c - 15. What is the units digit of c?
9
Let q(f) = f**3 - f - 2. What is the tens digit of q(3)?
2
Let a be 2 - (1 - (-2)/(-1)). Let t = 10 - 10. Suppose 5*p - 3 = 2*k - t*k, p = a*k - 2. What is the units digit of k?
1
Let g be 4/6 + (-4)/6. Suppose -5*y + 105 = -4*d, 3*y + 5*d - 7 - 56 = g. What is the units digit of y?
1
Suppose 4*k = -171 - 1. What is the units digit of (-1 - k)*(-8)/(-16)?
1
Let k = 0 + 16. What is the tens digit of k?
1
Suppose 0 = 4*g - 9 - 7, -3*g = -4*q - 12. Suppose 4*i + 23 = 7, 4*y + 3*i = 40. Let p = y - q. What is the units digit of p?
3
Suppose -t - 4*z = 18 - 160, -4*t - 5*z = -546. What is the tens digit of t?
3
Let p = -38 - -62. Let t be 2/(-2 - p/(-9)). Suppose t = 4*b - b. What is the units digit of b?
1
What is the units digit of (-14)/(24/(-9) + 2)?
1
Let v = 23 + -41. Let k = 8 + v. What is the units digit of k/(-15) + (-2)/(-6)?
1
Let c be (26/(-6))/(3/(-18)). Suppose -s + 3*b = -c, 136 = 4*s - 5*b + 25. Let n = s - 17. What is the tens digit of n?
1
Suppose 0 = 2*a + 18 - 2. Let i = a + 13. What is the units digit of i?
5
Let d(z) be the second derivative of z**4/6 + 4*z. Let q be (-2)/(-4) + (-10)/4. What is the units digit of d(q)?
8
Let o(z) = -8*z - 7. Let l(i) = 7*i + 7. Let n(s) = 4*l(s) + 3*o(s). What is the tens digit of n(6)?
3
Let m = 107 + -66. What is the units digit of m?
1
Suppose 0 = 3*y + 2*y + 3*n - 66, 58 = 5*y - n. What is the tens digit of y?
1
Let w(y) = 2*y**2 - y. Let q be w(-1). Let c = 4 - q. What is the units digit of c?
1
Let j(s) = -s**3 - 6*s**2 - 4*s - 1. Let g be j(-5). What is the units digit of 194/18 + g/(-27)?
1
Let j = 77 - 26. What is the units digit of j?
1
Suppose 0 = s + 3*w + 15, -3*s - 95 = -0*w - w. What is the units digit of (72/s)/((-1)/5)?
2
Suppose 0 = -7*j + 3*j + 3*o + 202, j + 5*o - 39 = 0. What is the tens digit of j?
4
Let x be 4 + (0 - 0) + 3. Let m(w) = 2*w - 1. What is the units digit of m(x)?
3
Suppose 3*k - 7*k = -12. What is the units digit of (8/5)/(k/15)?
8
Let r = 8 + 6. Let s = -7 + r. Suppose -d + s = 3. What is the units digit of d?
4
Let z(j) be the third derivative of 0 - 2*j**2 + 1/12*j**4 + 0*j + 2/3*j**3 - 1/60*j**5. What is the units digit of z(3)?
1
What is the hundreds digit of (-8)/20 + 2192/5?
4
Let z = -39 - -34. Let r(n) = -5*n - 3. Let l(h) = 11*h + 6. Let m(w) = 2*l(w) + 5*r(w). What is the tens digit of m(z)?
1
Suppose -17*h = -15*h - 98. What is the tens digit of h?
4
Suppose -i + 4*i = 2*q + 20, -19 = -4*i - 5*q. Suppose -l + 3*s + 12 = 3*l, 3*l - 3*s = i. What is the units digit of l?
6
Let h be 1 + 2 + (-1 - 0). Suppose h*t + 3 = -t. Let n = 8 + t. What is the units digit of n?
7
S